e -3*z - 3*s + s + 64 = 0, 2*s + 26 = 2*z. Calculate the highest common factor of z and 198.
18
Let r(n) = -63*n - 11. Let c be r(-5). Calculate the greatest common divisor of 38 and c.
38
Let k be (-374)/(-55) + (-2)/(-10). Let z = 100 + -23. What is the highest common divisor of z and k?
7
Suppose -2*x + 3 = -x. Let i be (-6)/(-3) + -1 + x. Suppose 0 = -2*p + i*p - 22. What is the greatest common factor of p and 99?
11
Let t(w) = w**3 - 3*w + 3. Let v be t(3). What is the greatest common divisor of v and 42?
21
Let s(k) = k**3 - 6*k**2 - 6*k + 5. Let z be s(7). Let a = -17 + 125. Suppose -3*l = -4*l + a. What is the highest common factor of z and l?
12
Suppose -h = -2*h + 108. Suppose -2*l = l - h. What is the greatest common factor of l and 90?
18
Let j be 16/(-56) - (-4)/14. Let q(a) = -19*a + j*a + 2 - 4 + 0 - a**2. Let p be q(-9). Calculate the highest common divisor of 22 and p.
22
Let h = 554 + -284. What is the greatest common divisor of h and 30?
30
Let u be (-104)/(-16)*8/4. Calculate the highest common divisor of 26 and u.
13
Suppose 5 = 4*h - 3. Let b = -4 + 9. Calculate the highest common divisor of h and b.
1
Let t(h) = 4*h - 2. Let r(s) = -s + 8. Let d be r(8). Let y = 2 - d. Let z be t(y). What is the greatest common divisor of z and 9?
3
Let o(y) = 3*y**3 - 2*y**2 - 2*y + 3. Let l be 4/(-14) - 80/(-35). Let w be o(l). Let s = w + 30. What is the highest common factor of 5 and s?
5
Suppose -2*k + 6*k = -3*l + 141, -2*k + 5*l + 103 = 0. What is the greatest common factor of k and 78?
39
Let m(n) = -n**3 + 7*n**2 - 10. Let f be m(5). What is the greatest common factor of f and 40?
40
Let q be 1/(-2)*(-22 - 0). Let y = -6 + 12. Let d be y/(-9)*3 + 101. What is the highest common divisor of d and q?
11
Let f = -57 - -96. What is the highest common divisor of f and 26?
13
Let n(p) = -p**3 + p**2 - p + 132. Let d be n(0). Let j(m) = -3*m - 6. Let u be j(-6). What is the greatest common divisor of d and u?
12
Let d(y) = 2*y**2 - y + 2. Suppose -2*i + 4 = 8. Let p be d(i). What is the greatest common divisor of p and 4?
4
Let r(c) = c**2 + 4*c - 6. Let n be r(-6). Let l(s) = 3*s - 9. Let k be l(11). Calculate the highest common divisor of k and n.
6
Let c(n) = 28*n - 7. Let h be c(5). What is the highest common divisor of h and 7?
7
Let h = 57 + -33. What is the greatest common divisor of h and 216?
24
Let z(s) = -s**3 + 7*s**2 + s - 7. Let o be z(7). Let r be (1 + o)*12 - 3. Calculate the highest common divisor of 45 and r.
9
Suppose -3*m = -7 - 8. Suppose 12 = -g - 5*x + 62, 0 = -m*g - 5*x + 170. What is the highest common divisor of 6 and g?
6
Suppose 2*q = d + 107, 0 = -4*q + 2*d + d + 209. What is the greatest common factor of 84 and q?
28
Let a = -128 - -218. Suppose -4*f = -f - a. Suppose 0 = -5*w - 2*l + f, -17 = -4*w + 3*l + 7. What is the highest common factor of 66 and w?
6
Suppose 3*w + 5*c = 825, 2*c - 4*c = 0. Calculate the greatest common divisor of w and 25.
25
Suppose 5*y = 2*r + 16, -21 = -4*r - 5*y + 7. Suppose -r*g + 63 = -9. Suppose 2*n + 0 = -3*i + g, -i = -5*n + 5. What is the greatest common divisor of 2 and i?
2
Let q = 37 + -26. Calculate the highest common divisor of 88 and q.
11
Let k be (-3 - -6 - -1)/(-1). Let v(n) = -n + 1. Let i be v(k). Let q be 2 + -2 - i/(-1). Calculate the greatest common factor of 35 and q.
5
Let n(s) = 3*s - 3*s - 5*s + 10 + 4*s. Let r be n(-9). Suppose -3*z + 29 = l, -2*l + 193 = 3*l - z. What is the highest common factor of r and l?
19
Suppose 6*n - 36 = 3*n. Let i = n - 20. Let l(c) = -16*c + 4. Let r be l(i). Calculate the greatest common factor of 12 and r.
12
Suppose 0 = 5*p - 5*n - 50, 5*n = 2*p + 2 - 28. Suppose 4*k + 7 = 35. Let m = 13 + k. What is the highest common divisor of m and p?
4
Suppose -65 = 2*y - 79. Let u be (-2)/(-3) - 164/(-6). What is the greatest common divisor of y and u?
7
Suppose 3*a - 4 - 2 = 0. Suppose -3*b - a*v + 15 = -10, 3*b + 5*v = 13. Calculate the greatest common divisor of b and 77.
11
Let t = 5 + -3. Suppose t*x - 16 = x. What is the greatest common divisor of x and 176?
16
Let l = -81 - -165. Let g = -144 - -204. Suppose -u + 6*u - g = 0. Calculate the greatest common divisor of u and l.
12
Let k(f) = -f**3 + 12*f**2 + f - 12. Let u be k(12). Let m = 4 + u. Let c be (-7)/(-2) - (-1)/2. Calculate the highest common factor of m and c.
4
Let d(u) = 4*u + 2. Let v be d(-2). Let a be (-4)/v + (-34)/(-3). Calculate the highest common divisor of 132 and a.
12
Let x be 0*(-1 + 0)/1. Suppose -5*p = -4*r - 46, 0 = -0*p + 2*p + 4*r - 24. Suppose p = -x*y + 2*y. Calculate the highest common divisor of 35 and y.
5
Let z be (-45)/60 - 87/(-4). What is the greatest common divisor of 35 and z?
7
Suppose 16 - 66 = -2*l. Let k = l - 18. Suppose -y = u - 6, -y + 0 = -3*u + 14. What is the greatest common factor of y and k?
1
Let h be 7*((-192)/28)/(-4). Let b be 3/h + 7/4. Let t be (-6 + 0)*8/(-3). Calculate the highest common factor of b and t.
2
Let j(g) = -g**2 + 15*g. Let l be j(7). Suppose -2*z + 46 = -5*c - 17, 4*c = -4*z + l. Calculate the highest common divisor of z and 152.
19
Suppose 0 = 2*g + 244 + 2. Let c = 18 + g. Let h be (c/20)/((-6)/16). What is the greatest common factor of 7 and h?
7
Let g be (-387)/(-6) + 2/4. Let h(c) = -12*c + 2. Let z be h(-2). What is the greatest common divisor of z and g?
13
Suppose -3*x - 2*s + 0*s + 122 = 0, -4*s = -3*x + 116. Let l = -4 + 9. Suppose -4*b = 3*z - 23, -7 = 4*z + l. What is the highest common factor of b and x?
8
Let u be 2/(-10) + (-33)/(-15). Suppose -2*p = u*w - 86, -w - 3*p = -0*p - 39. What is the highest common divisor of w and 9?
9
Let j be 66/10 + 18/45. What is the greatest common factor of 28 and j?
7
Let a(k) = 8*k + 2 + 1 - 4*k. Let n be a(2). Calculate the greatest common divisor of n and 1.
1
Let a(q) = 2*q**3 - 5*q**2 + 7*q - 1. Let l be a(5). Let s = 243 - l. Calculate the highest common factor of s and 56.
28
Let l = -161 - -236. Suppose 2*g - 26 - 49 = -5*u, -4*g - 5*u = -135. What is the highest common divisor of g and l?
15
Let y be (-36)/(-3)*2/8*1. What is the highest common divisor of 15 and y?
3
Let r = 33 + -19. Suppose 0 = 3*z - 4*z + 8. Let s = z - 1. Calculate the highest common factor of r and s.
7
Let q(y) = 2*y**2 - 5*y - 2*y**2 + 3*y**2 + 6. Let j be q(3). Calculate the highest common factor of 198 and j.
18
Let j = -2 - -14. Suppose -2*o = -3*o + 180. Suppose -o = -5*s - 0*l + l, -l + 108 = 3*s. Calculate the greatest common divisor of s and j.
12
Let a be 0 - (-115 + -3 + 2 + 1). What is the highest common factor of 23 and a?
23
Let w(b) = -b**3 + 3*b**2 - b - 1. Let u be w(2). Suppose 2 - u = g. What is the greatest common divisor of g and 2?
1
Suppose -k - 5*z + 23 = 0, 1 = -k + z + 2*z. Suppose -3 = -y - 0. Suppose 59 = t + f, -y*t - 5*f = -t - 103. What is the greatest common divisor of t and k?
8
Let p be (10 - 8)*(2 - (-78)/4). Calculate the highest common divisor of p and 86.
43
Let a = 35 + -23. Suppose 0 = -5*i + w + 89, -48 - 53 = -5*i + 4*w. Let l = i + -5. Calculate the greatest common divisor of a and l.
12
Let c = -59 - -107. Let b be 4/(-12) - (-19)/3. What is the greatest common factor of b and c?
6
Suppose 0 = 4*d + 29 - 93. What is the highest common factor of 48 and d?
16
Let g(y) = -y**2 - 13*y - 10. Let s be g(-8). Suppose 5*i - 180 = -4*q - q, -i + s = -q. Let x be 2/3 + 64/3. Calculate the highest common factor of x and i.
11
Suppose 3*n - 2*b + 5*b = 24, b + 4 = n. Suppose 2*k = y - 3*y + 50, -3*y - k + 73 = 0. Calculate the highest common divisor of y and n.
6
Let d = 28 - 25. Suppose w + d*w = 48. Calculate the greatest common factor of w and 84.
12
Let k be (-2 - 100/(-6))/((-6)/(-45)). Calculate the greatest common factor of k and 11.
11
Let n = 4 - 0. Suppose -3*u - 3 = m, -4*u - n + 0 = 5*m. Let z be -1*2 + 44 + m. Calculate the highest common factor of z and 6.
6
Let y be (9/3)/(3/283). Let b = -163 + y. What is the greatest common factor of b and 15?
15
Suppose 590 + 270 = c. Suppose -4*u = -4*w + c, w = -3*w - 2*u + 890. Calculate the highest common divisor of 20 and w.
20
Let z be -3 - (-2 + -28) - -1. Calculate the greatest common factor of 42 and z.
14
Suppose 209 = -10*j + 809. What is the highest common factor of 12 and j?
1